51.
23
What is the highest common divisor of 9632 and 258910568?
2408
What is the greatest common factor of 19093404 and 132?
132
What is the highest common factor of 99 and 4280331?
33
Calculate the highest common divisor of 30640 and 7635105.
1915
Calculate the greatest common factor of 219566 and 11818.
622
What is the highest common divisor of 8035990 and 70033?
1187
What is the greatest common factor of 11390 and 5150960?
670
Calculate the highest common factor of 4370 and 8293310.
190
Calculate the highest common divisor of 201135 and 156354.
759
Calculate the greatest common factor of 18326731 and 68.
17
Calculate the greatest common factor of 7603168 and 954.
106
Calculate the greatest common factor of 52120 and 4140.
20
What is the greatest common factor of 4238 and 12834783?
2119
Calculate the highest common factor of 1926 and 69869502.
1926
What is the greatest common divisor of 8 and 12271548?
4
Calculate the greatest common divisor of 228 and 7212732.
12
Calculate the highest common factor of 3073004 and 7613.
331
Calculate the highest common divisor of 1014671 and 119.
7
Calculate the highest common factor of 9 and 104560776.
9
Calculate the highest common factor of 7682 and 631260.
334
Calculate the greatest common divisor of 39037482 and 792.
198
Calculate the greatest common divisor of 43264509 and 3.
3
What is the highest common divisor of 5060 and 967340?
220
What is the greatest common divisor of 12430790 and 1230?
410
What is the greatest common divisor of 215853 and 14545707?
6963
What is the greatest common divisor of 121 and 45573814?
11
What is the greatest common divisor of 83088 and 9264?
48
Calculate the highest common factor of 4860765 and 259155.
585
Calculate the greatest common factor of 10 and 119546.
2
What is the highest common divisor of 212 and 2395564?
4
What is the highest common divisor of 47606 and 17758?
26
Calculate the greatest common factor of 9424220 and 8040.
1340
What is the highest common factor of 849 and 6597013?
283
What is the greatest common divisor of 1325947 and 31?
1
What is the highest common factor of 4681052 and 380111?
2993
What is the highest common divisor of 38093 and 401797?
11
Calculate the greatest common divisor of 272632 and 55756.
212
Calculate the greatest common factor of 68075 and 3406725.
175
What is the greatest common factor of 3266 and 2364158?
142
Calculate the highest common divisor of 227 and 3629957.
227
What is the highest common factor of 464 and 3979003?
29
What is the highest common divisor of 128 and 5901968?
16
Calculate the highest common factor of 83768096 and 3790.
758
Calculate the highest common divisor of 3171469 and 476.
119
What is the greatest common factor of 147087612 and 180?
36
Calculate the greatest common divisor of 1 and 31633395.
1
What is the highest common factor of 31 and 75393116?
31
What is the greatest common divisor of 2353 and 1427734516?
2353
What is the greatest common divisor of 328 and 553304?
8
What is the highest common divisor of 96021 and 152703?
423
Calculate the highest common divisor of 15733296 and 72.
72
Calculate the highest common factor of 429 and 17548817.
143
What is the greatest common factor of 165000 and 75250?
250
Calculate the highest common factor of 6 and 62622117.
3
Calculate the highest common divisor of 202876 and 9112.
268
What is the greatest common divisor of 1172 and 3983116?
4
What is the highest common factor of 2305584 and 64?
16
Calculate the highest common divisor of 36 and 81518856.
12
What is the highest common factor of 12761 and 980774?
1823
What is the highest common factor of 26632783 and 2026?
1013
Calculate the highest common divisor of 529536047 and 683.
683
What is the greatest common divisor of 27 and 41824647?
27
What is the greatest common factor of 14436 and 149848888?
1604
Calculate the greatest common divisor of 2781 and 8801865.
2781
Calculate the greatest common factor of 98669461 and 12837.
4279
Calculate the greatest common divisor of 1704 and 291476584.
568
Calculate the highest common divisor of 14621023 and 10765.
2153
Calculate the greatest common divisor of 15212600 and 20800.
2600
What is the greatest common factor of 1339392 and 1584?
48
What is the greatest common divisor of 12552 and 523788684?
6276
What is the highest common factor of 351 and 116675208?
351
What is the highest common factor of 14 and 287307272?
14
What is the greatest common divisor of 248 and 108322?
2
What is the highest common divisor of 95 and 18444345?
95
What is the greatest common factor of 3718176 and 127974?
462
Calculate the greatest common divisor of 1929330 and 702117.
1989
What is the highest common divisor of 22452552 and 39528?
648
Calculate the highest common factor of 78603 and 1806.
21
What is the greatest common divisor of 101484567 and 418?
19
What is the greatest common divisor of 31181196 and 170?
34
Calculate the highest common factor of 449 and 993940973.
449
Calculate the highest common divisor of 84 and 517398.
42
What is the greatest common divisor of 7432768 and 44744?
2632
Calculate the highest common divisor of 65716 and 92.
4
Calculate the highest common factor of 337666 and 190638.
1246
Calculate the greatest common factor of 1166562 and 272403.
1539
What is the highest common divisor of 56645 and 1355?
5
What is the greatest common factor of 10190519 and 545?
109
What is the highest common factor of 4655477 and 27835?
293
Calculate the highest common factor of 4680 and 1218555.
585
What is the highest common divisor of 23248463 and 21?
7
What is the greatest common factor of 116 and 6231346?
58
What is the highest common divisor of 83 and 4161205?
83
What is the greatest common divisor of 22463341 and 6716?
1679
Calculate the greatest common divisor of 9169676 and 372.
124
Calculate the highest common divisor of 272 and 315554.
34
Calculate the greatest common factor of 10953 and 71624101.
1217
What is the greatest common divisor of 1344585132 and 297?
99
What is the greatest common factor of 179072054 and 371?
371
What is the greatest common divisor of 1048 and 10502794?
262
Calculate the greatest common divisor of 13328060 and 45.
5
Calculate the greatest common factor of 35551 and 50078.
73
Calculate the greatest common divisor of 12 and 21256724.
4
What is the greatest common divisor of 30 and 12102260?
10
Calculate the greatest common factor of 128288 and 47053.
211
What is the greatest common factor of 88080 and 51640?
40
What is the highest common factor of 897343983 and 9?
9
Calculate the greatest common factor of 9033880 and 74534.
898
What is the greatest common factor of 589 and 2285168?
19
What is the highest common factor of 8385 and 1234818?
39
What is the highest common factor of 33154 and 9052549?
1507
Calculate the highest common factor of 1552 and 17324588.
388
Calculate the greatest common factor of 161845230 and 2465.
145
What is the greatest common divisor of 51333 and 121694?
71
Calculate the greatest common factor of 352 and 92896.
32
Calculate the highest common factor of 32 and 459537808.
16
Calculate the greatest common divisor of 521708 and 28513914.
3674
Calculate the greatest common divisor of 1505520 and 76140.
540
Calculate the greatest common divisor of 62721 and 1817.
23
What is the highest common factor of 467322790 and 770?
110
What is the greatest common divisor of 5965 and 96216643?
1193
What is the greatest common factor of 2103551 and 7?
1
Calculate the highest common factor of 377319 and 4524.
87
Calculate the highest common divisor of 41 and 76878116.
41
Calculate the highest common factor of 59 and 108731867.
59
Calculate the greatest common factor of 903737 and 68.
17
What is the greatest common factor of 2349544 and 34612?
2036
Calculate the highest common factor of 297970 and 2333545.
415
What is the highest common factor of 26385331 and 14868?
413
Calculate the highest common factor of 209360645 and 149.
149
What is the greatest common divisor of 1075 and 87840400?
1075
What is the highest common divisor of 5627969 and 102?
17
What is the greatest common divisor of 4007584 and 1120?
224
What is the highest common factor of 84 and 6068874?
42
What is the greatest common factor of 759789782 and 670?
134
Calculate the gre